{"id":25,"date":"2025-12-29T15:36:22","date_gmt":"2025-12-29T12:36:22","guid":{"rendered":"http:\/\/sorwebyazilim.com.tr\/index.php\/elementor-plugin\/"},"modified":"2025-12-31T00:48:31","modified_gmt":"2025-12-30T21:48:31","slug":"elementor-plugin","status":"publish","type":"page","link":"https:\/\/sorwebyazilim.com.tr\/index.php\/elementor-plugin\/","title":{"rendered":"Y\u00f6netilen BT Hizmetleri"},"content":{"rendered":"<p>\u00dc\u00e7\u00fcnc\u00fc taraf bir BT Hizmet Sa\u011flay\u0131c\u0131s\u0131 olarak, m\u00fc\u015fterilerimizin t\u00fcm BT operasyonlar\u0131n\u0131 y\u00f6netme sorumlulu\u011funu tamamen \u00fcstleniyoruz.<\/p>\n","protected":false},"excerpt":{"rendered":"<p>\u00dc\u00e7\u00fcnc\u00fc taraf bir BT Hizmet Sa\u011flay\u0131c\u0131s\u0131 olarak, m\u00fc\u015fterilerimizin t\u00fcm BT operasyonlar\u0131n\u0131 y\u00f6netme sorumlulu\u011funu tamamen \u00fcstleniyoruz.<\/p>\n","protected":false},"author":1,"featured_media":81,"parent":0,"menu_order":0,"comment_status":"closed","ping_status":"closed","template":"","meta":{"footnotes":""},"class_list":["post-25","page","type-page","status-publish","has-post-thumbnail","hentry"],"_links":{"self":[{"href":"https:\/\/sorwebyazilim.com.tr\/index.php\/wp-json\/wp\/v2\/pages\/25","targetHints":{"allow":["GET"]}}],"collection":[{"href":"https:\/\/sorwebyazilim.com.tr\/index.php\/wp-json\/wp\/v2\/pages"}],"about":[{"href":"https:\/\/sorwebyazilim.com.tr\/index.php\/wp-json\/wp\/v2\/types\/page"}],"author":[{"embeddable":true,"href":"https:\/\/sorwebyazilim.com.tr\/index.php\/wp-json\/wp\/v2\/users\/1"}],"replies":[{"embeddable":true,"href":"https:\/\/sorwebyazilim.com.tr\/index.php\/wp-json\/wp\/v2\/comments?post=25"}],"version-history":[{"count":1,"href":"https:\/\/sorwebyazilim.com.tr\/index.php\/wp-json\/wp\/v2\/pages\/25\/revisions"}],"predecessor-version":[{"id":83,"href":"https:\/\/sorwebyazilim.com.tr\/index.php\/wp-json\/wp\/v2\/pages\/25\/revisions\/83"}],"wp:featuredmedia":[{"embeddable":true,"href":"https:\/\/sorwebyazilim.com.tr\/index.php\/wp-json\/wp\/v2\/media\/81"}],"wp:attachment":[{"href":"https:\/\/sorwebyazilim.com.tr\/index.php\/wp-json\/wp\/v2\/media?parent=25"}],"curies":[{"name":"wp","href":"https:\/\/api.w.org\/{rel}","templated":true}]}}