{"id":24,"date":"2025-12-29T15:36:22","date_gmt":"2025-12-29T12:36:22","guid":{"rendered":"http:\/\/sorwebyazilim.com.tr\/index.php\/woocommerce-ready\/"},"modified":"2026-04-17T13:45:31","modified_gmt":"2026-04-17T10:45:31","slug":"woocommerce-ready","status":"publish","type":"page","link":"https:\/\/sorwebyazilim.com.tr\/index.php\/woocommerce-ready\/","title":{"rendered":"Proje Y\u00f6netimi"},"content":{"rendered":"<p>Web Site Tasar\u0131m\u0131 &#8211; Arama Motoru Optimizasyonu &#8211; Web Program Mobil Uygulama &#8211; Responsive Tasar\u0131m &#8211; Sanal Pos &#8211; E-ticaret &#8211; SEO<\/p>\n<p>Kurulu\u015flar\u0131n proje hedeflerini ve ama\u00e7lar\u0131n\u0131 kapsam, zaman ve b\u00fct\u00e7e k\u0131s\u0131tlamalar\u0131 i\u00e7inde ger\u00e7ekle\u015ftirmelerine yard\u0131mc\u0131 oluyoruz.<\/p>\n","protected":false},"excerpt":{"rendered":"<p>Web Site Tasar\u0131m\u0131 &#8211; Arama Motoru Optimizasyonu &#8211; Web Program Mobil Uygulama &#8211; Responsive Tasar\u0131m &#8211; Sanal Pos &#8211; E-ticaret &#8211; SEO Kurulu\u015flar\u0131n proje hedeflerini ve ama\u00e7lar\u0131n\u0131 kapsam, zaman ve b\u00fct\u00e7e k\u0131s\u0131tlamalar\u0131 i\u00e7inde ger\u00e7ekle\u015ftirmelerine yard\u0131mc\u0131 oluyoruz.<\/p>\n","protected":false},"author":1,"featured_media":81,"parent":0,"menu_order":0,"comment_status":"closed","ping_status":"closed","template":"","meta":{"footnotes":""},"class_list":["post-24","page","type-page","status-publish","has-post-thumbnail","hentry"],"_links":{"self":[{"href":"https:\/\/sorwebyazilim.com.tr\/index.php\/wp-json\/wp\/v2\/pages\/24","targetHints":{"allow":["GET"]}}],"collection":[{"href":"https:\/\/sorwebyazilim.com.tr\/index.php\/wp-json\/wp\/v2\/pages"}],"about":[{"href":"https:\/\/sorwebyazilim.com.tr\/index.php\/wp-json\/wp\/v2\/types\/page"}],"author":[{"embeddable":true,"href":"https:\/\/sorwebyazilim.com.tr\/index.php\/wp-json\/wp\/v2\/users\/1"}],"replies":[{"embeddable":true,"href":"https:\/\/sorwebyazilim.com.tr\/index.php\/wp-json\/wp\/v2\/comments?post=24"}],"version-history":[{"count":2,"href":"https:\/\/sorwebyazilim.com.tr\/index.php\/wp-json\/wp\/v2\/pages\/24\/revisions"}],"predecessor-version":[{"id":104,"href":"https:\/\/sorwebyazilim.com.tr\/index.php\/wp-json\/wp\/v2\/pages\/24\/revisions\/104"}],"wp:featuredmedia":[{"embeddable":true,"href":"https:\/\/sorwebyazilim.com.tr\/index.php\/wp-json\/wp\/v2\/media\/81"}],"wp:attachment":[{"href":"https:\/\/sorwebyazilim.com.tr\/index.php\/wp-json\/wp\/v2\/media?parent=24"}],"curies":[{"name":"wp","href":"https:\/\/api.w.org\/{rel}","templated":true}]}}